er?
False
Is 7563267593 composite?
True
Is 195770369059 a composite number?
False
Is 6053229113 prime?
False
Is 19856772113 a composite number?
False
Is 445290701 composite?
False
Is 135500226389 a composite number?
True
Is 5956241537 a composite number?
True
Is 1307004199 prime?
True
Is 11648439211 prime?
False
Is 7185731171 composite?
True
Is 5203578389 prime?
True
Is 3176487133 a prime number?
True
Is 75420029 a prime number?
True
Is 1297214381 composite?
True
Is 4513824943 composite?
True
Is 2479645711 composite?
True
Is 19880558053 composite?
True
Is 128670923 prime?
True
Is 16098295 a composite number?
True
Is 1183801297 a prime number?
False
Is 9557921669 prime?
True
Is 29713978061 a prime number?
False
Is 384784451 a composite number?
False
Is 6414457297 a prime number?
True
Is 63204088127 a prime number?
True
Is 115099557 a prime number?
False
Is 59877702671 prime?
False
Is 14080533107 a prime number?
True
Is 542226647 prime?
False
Is 86248411343 a prime number?
True
Is 429871889 a prime number?
True
Is 513024383 prime?
True
Is 569930093 a composite number?
True
Is 4501522133 a composite number?
False
Is 6055243189 composite?
True
Is 1250908717 a composite number?
True
Is 109540969 a composite number?
True
Is 11226074141 a prime number?
True
Is 3417281017 prime?
False
Is 43028753 prime?
True
Is 19750966139 prime?
True
Is 49180157218 a prime number?
False
Is 7906010687 a prime number?
False
Is 57371587507 prime?
False
Is 2166571721 a prime number?
True
Is 870065921 a prime number?
False
Is 7930249493 prime?
False
Is 40760329 a prime number?
False
Is 66090392713 a prime number?
False
Is 186683261 a prime number?
False
Is 565082327 a composite number?
True
Is 26736581 composite?
False
Is 3295732651 prime?
True
Is 61974701 composite?
True
Is 638130518461 prime?
True
Is 2631523553 a composite number?
True
Is 13250591021 a composite number?
True
Is 746501993 prime?
True
Is 124822181 a composite number?
True
Is 4035001939 prime?
False
Is 43835601709 a composite number?
False
Is 72419597 a prime number?
False
Is 7154054795 a prime number?
False
Is 1064097809 a composite number?
True
Is 41276462663 a composite number?
False
Is 5388499421 a prime number?
True
Is 137973019 a prime number?
False
Is 165179749783 a composite number?
False
Is 1042995631 prime?
False
Is 1194030323 a composite number?
False
Is 4963089097 a composite number?
True
Is 665392589 composite?
True
Is 2514829783 a composite number?
True
Is 113699184493 composite?
False
Is 10445570417 prime?
True
Is 633232277 composite?
True
Is 1121614943 prime?
True
Is 2792969611 a composite number?
False
Is 11644613933 prime?
True
Is 9482802821 a prime number?
False
Is 87893631619 prime?
True
Is 4715024621 composite?
False
Is 43613698277 a composite number?
False
Is 820380657 composite?
True
Is 880492537 a composite number?
True
Is 5020769297 a composite number?
False
Is 2185162807 composite?
False
Is 600773177 a prime number?
True
Is 6047066093 composite?
True
Is 87746597261 a prime number?
False
Is 55816726579 a prime number?
True
Is 29055362587 a prime number?
False
Is 3396906739 a composite number?
False
Is 2447656591 a composite number?
False
Is 89787551911 composite?
False
Is 61633706653 a prime number?
True
Is 990067961 a prime number?
True
Is 15784074913 prime?
False
Is 3847036247 prime?
True
Is 3033033257 prime?
False
Is 15211912099 composite?
False
Is 1840123403 composite?
False
Is 1695930563 a composite number?
True
Is 258131759 composite?
True
Is 127655535101 a composite number?
False
Is 42010765019 prime?
True
Is 3368151887 composite?
True
Is 4429374481 prime?
False
Is 16724711 prime?
True
Is 484863493 a composite number?
False
Is 4162405579 prime?
False
Is 5001401609 a composite number?
False
Is 195150499 a composite number?
True
Is 77725549309 composite?
False
Is 32259965741 a prime number?
True
Is 1639934147 a prime number?
True
Is 28177741 a composite number?
True
Is 5448854441 composite?
True
Is 14352302281 composite?
True
Is 3465700383 a prime number?
False
Is 130998987605 composite?
True
Is 35897632427 a prime number?
True
Is 67686755119 a prime number?
False
Is 307150114 a prime number?
False
Is 821635219 composite?
False
Is 37097437747 a prime number?
False
Is 35134187029 a composite number?
True
Is 39192739 a composite number?
False
Is 7673474731 a composite number?
True
Is 3263405417 composite?
False
Is 840987699 composite?
True
Is 14776116007 composite?
True
Is 26485107763 prime?
True
Is 174553745 a prime number?
False
Is 4283928013 prime?
True
Is 10465010221 prime?
True
Is 91731244993 a prime number?
True
Is 1515789269 prime?
True
Is 12571746053 a prime number?
True
Is 5160107501 composite?
False
Is 71299859 composite?
True
Is 31663804559 prime?
False
Is 184499787295 prime?
False
Is 1132586782 a composite number?
True
Is 16010210149 a composite number?
False
Is 888378311 a composite number?
False
Is 1579494451 a prime number?
False
Is 1620359519 a prime number?
False
Is 109515023749 a composite number?
False
Is 7419829087 prime?
False
Is 683068445 a prime number?
False
Is 379066844753 a composite number?
True
Is 94896437 prime?
True
Is 547257033479 prime?
False
Is 15237949357 a composite number?
False
Is 5745249383 composite?
False
Is 13751794051 a prime number?
False
Is 19189538099 composite?
False
Is 19016458127 prime?
False
Is 481700827 a prime number?
True
Is 974297617 prime?
True
Is 67533439 a prime number?
True
Is 51882408581 a prime number?
False
Is 1302290909 prime?
True
Is 1710849593 a composite number?
True
Is 26553190109 prime?
True
Is 5488393319 a composite number?
True
Is 2601241087 composite?
True
Is 5903673647 a prime number?
True
Is 276554483 prime?
False
Is 2668266103 prime?
True
Is 38177540603 a composite number?
False
Is 18643218091 a composite number?
False
Is 38076179707 composite?
True
Is 11306881063 composite?
False
Is 38602653809 a prime number?
False
Is 16874950277 a composite number?
False
Is 19689454423 composite?
False
Is 21704886361 prime?
True
Is 84128652323 composite?
False
Is 912649163 composite?
False
Is 504571373 composite?
True
Is 106603593127 prime?
False
Is 2784128343 a prime number?
False
Is 304712101945 a composite number?
True
Is 330825557 composite?
False
Is 84411906778 composite?
True
Is 12469346651 composite?
False
Is 4618403893 composite?
True
Is 1873825117 prime?
False
Is 323713526303 composite?
False
Is 44502069217 composite?
False
Is 6396302743 prime?
True
Is 74415462647 a composite number?
False
Is 2456726017 a prime number?
False
Is 68450818963 a prime number?
False
Is 1823845813 a composite number?
True
Is 4936354253 a composite number?
False
Is 15327601139 a composite number?
False
Is 570331693 composite?
False
Is 9845702213 a prime number?
False
Is 116534335 composite?
True
Is 2375653097 a prime number?
False
Is 8240902633 prime?
False
Is 8056641091 a prime number?
True
Is 10579184791 prime?
False
Is 812053577 prime?
True
Is 743599319 a prime number?
False
Is 328369849 composite?
True
Is 1687010573 composite?
True
Is 90331287863 composite?
True
Is 1250946779 composite?
False
Is 5383768289 a prime number?
False
Is 32296158551 composite?
False
Is 4604206547 a prime number?
False
Is 3245648689 a prime number?
False
Is 130464563 composite?
False
Is 6981744307 a prime number?
True
Is 195909187 a composite number?
False
Is 158479727 composite?
True
Is 846035731 a composite number?
False
Is 3371534729 a composite number?
False
Is 66121746323 a prime number?
True
Is 41103919529 a prime number?
True
Is 11159555683 composite?
False
Is 48385016213 a composite number?
True
Is 1257141089 a composite number?
False
Is 1216018847 a composite number?
True
Is 10698238687 prime?
True
Is 267161359 prime?
False
Is 1952575333 a prime number?
True
Is 1336702981 a prime number?
False
Is 22926847817 prime?
False
Is 49515465229 composite?
True
Is 2146419811 a prime number?
False
Is 2094410899 a composite number?
True
Is 283220947 composite?
True
Is 12461606347 composite?
False
Is 129309275635 prime?
False
Is 7218995387 prime?
False
Is 98903451359 a prime number?
True
Is 9620440763 prime?
False
Is 31632113 a prime number?
False
Is 48614857931 a prime number?
False
Is 3207175931 a prime number?
True
Is 17101259369 prime?
True
Is 46560319